- (-2 + q/(-9)). Let o = f + 3. List the prime factors of o.
3, 31
Let y(z) be the second derivative of -33*z**5/20 - z**4/3 - 8*z**3/3 - 13*z**2 + 15*z + 3. List the prime factors of y(-2).
2, 127
What are the prime factors of ((-3987)/(-27))/(28/4956)?
59, 443
Let j(u) = 15*u**3 + 4*u**2 - u. Let w be j(-2). Let h = -102 - w. Suppose h = 2*c - 4*c + 342. What are the prime factors of c?
3, 19
Let y(k) = 36*k**2 + 0*k - 5 - 5*k + 65*k**2. Let f be y(-2). Let v = f + -290. What are the prime factors of v?
7, 17
What are the prime factors of (8/(-6))/(20/(-120)) - -772?
2, 3, 5, 13
Let w(m) be the third derivative of -m**5/60 - m**4/24 + m**3/2 + 23*m**2. Let k be w(2). What are the prime factors of 66 - ((-3 - k - -2) + -5)?
3, 23
Let l be (5/15)/(2/12). Suppose -22 = 2*g + 2*o, l*o + 71 - 16 = -5*g. Let h(i) = -i**3 - 10*i**2 + 10*i - 3. What are the prime factors of h(g)?
2
Suppose 6*m = -9*m - 225. What are the prime factors of m/(-135) + (-4697)/(-9)?
2, 3, 29
Let i be -3 + 900 + 6*2/(-3). Suppose -i - 3523 = -8*a. Suppose 0 = 3*o + 3*n - a, -2*n - 766 = 2*o - 6*o. What are the prime factors of o?
3, 7
Let x(o) = o**3 - 18*o**2 + 46*o - 13. Let c be x(15). Suppose -4*s + 4956 = c*s. What are the prime factors of s?
2, 7, 59
What are the prime factors of (57786 - 1) + -12 + (-31 - -55)?
29, 1993
Let k(n) = 328*n + 2189. What are the prime factors of k(4)?
3, 389
Let u = 256 - 157. Suppose -o - 8 = -3*t - 1, -o + t - 17 = 0. Let z = o + u. What are the prime factors of z?
7, 11
Let i(q) = 139*q + 35709. What are the prime factors of i(0)?
3, 11903
Let j be 1992/72 + (-4)/(-3) + -1. Let n = -16 + j. Suppose n*d + 408 = 18*d. List the prime factors of d.
2, 17
Suppose -n - 2268 = -4*n. Let a be ((-2025)/(-900))/((-3)/(-8)). Suppose a*j - n = 480. What are the prime factors of j?
2, 103
Let r(i) be the third derivative of -i**4/24 - i**3/2 - 11*i**2. Let j be r(6). List the prime factors of j/(-2)*(-4 + 8).
2, 3
Let g = -132 - -167. Let i = -31 + g. Suppose -i*k = -2*j + 24, 2*j + 2*k - 14 = 4*k. What are the prime factors of j?
2
Suppose -3*x - 5 = 2*i + 4, -2*i = x + 7. List the prime factors of x*1*(-1084)/4.
271
Let g(c) = -5 - 19 - 5 - 3*c + 2. Let d be g(-10). What are the prime factors of d/12*104/(-6)*-15?
5, 13
Let q be (18 - 30)/(4/(-3)). Let m(y) = 163*y + 228. List the prime factors of m(q).
3, 5, 113
Suppose -c = -3*w - 199, -2*w = -4*c + 630 + 126. Suppose -8*b = -c + 27. What are the prime factors of b?
2, 5
Suppose -2*j = 377*g - 381*g - 2476, j = 5*g + 1232. List the prime factors of j.
2, 3, 23
Let i(b) = -126*b - 43. Let u be i(8). Let r = u + 1473. List the prime factors of r.
2, 211
Suppose -4*s + 4 = 0, 3*s = 3*g + 2*g - 12. Suppose 0 = 2*c + g*r - 78, 5*c + r = 4*r + 153. What are the prime factors of c?
3, 11
Let c(n) be the third derivative of n**6/120 - n**5/15 + n**4/6 - n**3 + 121*n**2. Let w = 16 + -11. List the prime factors of c(w).
3, 13
Let o be (0 + 0)*16/(-32). List the prime factors of -89*(6 + (-12 - o)).
2, 3, 89
Let n(h) = 615*h - 3109. List the prime factors of n(39).
2, 17, 307
Suppose -4*l - 1480 = -2*f, -6*f + 5*f + 710 = 4*l. Suppose 4*s + f = 1894. List the prime factors of s.
3, 97
Suppose 93 = 9*q - 123. Let a be 24/9 - (-8)/q. List the prime factors of 68 + a + -4 + 0.
67
Let l be 3/8 + (-30)/(-48). List the prime factors of (-1183)/(-52) + (l - 7/4).
2, 11
Let u be 3/(3/46)*1/2. Let m = u + 3. List the prime factors of 1296/26 + 4/m.
2, 5
Let p(u) = -2*u**2 + u + 28. Suppose -2 + 8 = -2*d, s + 15 = -5*d. Let x be p(s). What are the prime factors of (1 + 24)/5*x/5?
2, 7
Let y(n) be the second derivative of n**4/12 - 3*n**3 - 15*n**2 - 76*n. What are the prime factors of y(-12)?
2, 3, 5, 11
Let y(t) be the first derivative of 3*t**2/2 + 23*t + 99. Suppose v = 3*d - 6 + 5, -8 = 2*v - 3*d. What are the prime factors of y(v)?
2
Suppose -d + 5*p + 5 = -3*d, -3*p - 4 = d. Suppose -2*w + d*q = -575, -6*w = -3*w - 4*q - 845. List the prime factors of w.
5, 11
Suppose 6*f = 4*c + 47526 - 5716, -3*f - 5*c + 20870 = 0. List the prime factors of f.
5, 7, 199
Let s = -5696 - -33928. What are the prime factors of s?
2, 3529
What are the prime factors of 1591 - -2 - (-42 - -48)?
3, 23
Suppose h - 7 = 3*j, 10*h + 15 = 15*h + 5*j. Suppose h*s = n - 389, 4*n - s + 2*s = 1539. What are the prime factors of n?
5, 7, 11
Let w = -72 + 74. Suppose -5*r + 4*f + 2712 - 257 = 0, 0 = -w*f + 10. List the prime factors of r.
3, 5, 11
Let d(x) = 5*x - 31. Let s be d(7). Let c be 2*(0 + 2) - -1. Suppose 4*r + 8 = s, -11 = -c*b - 4*r. List the prime factors of b.
3
Suppose 2*w = 3*w + 3, -5*h + 5*w + 25 = 0. Suppose -h*x + 9*x - 2604 = 0. List the prime factors of x.
2, 3, 31
Suppose -3548*c + 3524*c = -576048. What are the prime factors of c?
2, 11, 1091
Let c be (-2)/(-13) + 41986/26. Suppose 194 + c = 9*t. What are the prime factors of t?
3, 67
Let p = 1234 - 364. Suppose 2*u - 868 = -2*o, 2*u + o - p = -3*o. What are the prime factors of u?
433
Suppose -13*b + 542267 - 138645 = 16*b. What are the prime factors of b?
2, 6959
Suppose -5*z - 20 + 75 = 0. Let g(r) = r**2 - 13*r + 17. Let q be g(z). List the prime factors of (-1 + 19)*(q/(-10) - 0).
3
Let m be 6/(-7)*(12 + -5). Let y be m/(-33) - 5/(55/2). List the prime factors of -1 - (y + -291)/3.
2, 3
Let k be (0 - (-4)/4) + (-11 - -2). Let t be (k/(-28))/((-2)/(-7)). What are the prime factors of (-20)/(t + (-15)/10)?
2, 5
What are the prime factors of 68/544 + (19413/(-8))/(-3)?
809
Let d(r) = -1792*r + 2079. What are the prime factors of d(-7)?
7, 2089
Let j(n) = 31*n**2 - 3*n - 4. Let d be j(-4). Let b = -570 - -574. Suppose -2*a + d = b*a. What are the prime factors of a?
2, 3, 7
Let w(t) = -1960*t + 2843. List the prime factors of w(-12).
41, 643
Let b be (18/(-27))/(1/(-3)). Suppose b*m = -4*f + 334, -5*m + 269 = -4*f - 524. List the prime factors of m.
7, 23
Let q(j) = -3*j**2 + 108*j - 6. Let o be q(27). Suppose 0 = -5*w + 4*f + 930, -f - o = -4*w - 2*f. What are the prime factors of w?
2, 7, 13
Suppose -147*s + 149155 = -24158. What are the prime factors of s?
3, 131
Suppose -5*i + 44168 = 2*j, 79*j - 66225 = 76*j - 3*i. List the prime factors of j.
29, 761
Let n(u) = 26*u**2 - u + 33. Let c(o) = o**2 + o + 2. Let f(t) = -4*c(t) + n(t). List the prime factors of f(5).
2, 5, 11
Let n = 2251 + -1325. Let c = -550 + n. What are the prime factors of c?
2, 47
Let m be 18/(-4)*(-2 - (-30)/9). Let o(z) = 22*z**2 + 9*z + 107. What are the prime factors of o(m)?
5, 13
Let d(r) = -r**2 - 33*r - 44. Let v be d(-20). Let t = v + -96. What are the prime factors of t?
2, 3, 5
Suppose -2*r + 4*a + 10562 = 0, 5*a + 21282 - 137 = 4*r. List the prime factors of r.
3, 5, 353
Let n be (-30)/55 + 183/33. Suppose -48 = -3*d + n*f + 13, -4*d + f + 87 = 0. List the prime factors of d.
2, 11
What are the prime factors of 6800/(-60)*(2 - 496/(-20))*-3?
2, 17, 67
Let t(v) = v**2 - 7*v - 12. Let z be t(9). Let g(j) = 4*j**3 - 3*j**2 + 4*j - 1. Let x be g(z). Suppose -163 = 7*f - x. What are the prime factors of f?
2, 11
Suppose 4*a - 3*c = -4, -a + 2*c + 2 = 4*a. Suppose a*x - 1068 = -4*x. List the prime factors of x.
2, 89
Let t(p) = 373*p - 26. Let z be t(4). List the prime factors of 3/(5 + (-7324)/z).
733
Suppose -96 - 534 = -18*x. Suppose -8*b + b = -x. Suppose -3*t = 5*f - 501, f - 91 = b*t - t. List the prime factors of f.
3, 11
Suppose -14*r + 230 - 1686 = 0. List the prime factors of 858/r*20*-4.
2, 3, 5, 11
Suppose 3*p - 18 = 45. Let h = p + -19. Suppose 5*n = 5*s + n - 511, h*n = s - 101. List the prime factors of s.
103
Let p(m) = 2*m**3 + 2*m**2 - 5*m - 2. Let o be p(-4). Let f(u) = u**2 + 21*u - 5. Let x be f(-20). Let b = x - o. List the prime factors of b.
53
Let f be (10 - 10) + 2 + -4 + 2. Suppose 4*r - 3*r - 1 = f, r = -k + 597. What are the prime factors of k?
2, 149
Suppose -m = 4*m + 10. Let b = 1 + 25. Let y = b - m. What are the prime factors of y?
2, 7
Suppose 3*b - 56*d - 1723 = -54*d, 0 = -3*b - d + 1735. List the prime factors of b.
577
Let n(h) = 833*h**2 + 38*h - 30. List the prime factors of n(6).
2, 3, 13, 43
Suppose -4*k = -3*t - 6021 - 11635, -3*k = -5*t - 13231. List the prime factors of k.
7, 631
Suppose 2*p - 390 - 488 = 0. Suppose 6*j - p = 395. Suppo